1 and 22720.
71
Calculate the greatest common factor of 185 and 25.
5
Calculate the greatest common divisor of 78 and 14040.
78
What is the highest common factor of 27 and 126?
9
Calculate the highest common factor of 1479 and 51.
51
What is the greatest common factor of 7357 and 14?
7
What is the greatest common factor of 152 and 1406?
38
What is the greatest common divisor of 9 and 6309?
9
What is the greatest common divisor of 411 and 9?
3
Calculate the highest common factor of 242 and 6171.
121
What is the greatest common divisor of 17 and 425?
17
What is the highest common divisor of 33438 and 6?
6
Calculate the greatest common divisor of 6200 and 992.
248
What is the greatest common factor of 874 and 161?
23
What is the highest common divisor of 8052 and 99?
33
What is the greatest common divisor of 28 and 36?
4
What is the greatest common divisor of 171 and 95?
19
Calculate the greatest common divisor of 57 and 6.
3
Calculate the greatest common divisor of 30 and 1695.
15
Calculate the greatest common divisor of 264 and 1272.
24
What is the greatest common factor of 645 and 15?
15
What is the highest common divisor of 67 and 9313?
67
Calculate the greatest common factor of 3 and 23.
1
What is the highest common divisor of 130 and 2002?
26
Calculate the greatest common factor of 144 and 936.
72
What is the highest common divisor of 375 and 1800?
75
What is the greatest common divisor of 224 and 28?
28
What is the highest common factor of 2835 and 18?
9
What is the highest common divisor of 39 and 273?
39
What is the highest common divisor of 2 and 22?
2
What is the greatest common factor of 90 and 117?
9
What is the highest common divisor of 333 and 518?
37
What is the greatest common factor of 680 and 30?
10
What is the highest common factor of 44 and 12892?
44
Calculate the greatest common factor of 80 and 5.
5
Calculate the highest common factor of 28 and 32.
4
What is the greatest common factor of 27 and 4032?
9
Calculate the highest common divisor of 2261 and 266.
133
Calculate the greatest common divisor of 20 and 2500.
20
Calculate the highest common factor of 3 and 33.
3
What is the greatest common factor of 20 and 125?
5
Calculate the highest common divisor of 335 and 245.
5
Calculate the greatest common divisor of 9 and 7299.
9
Calculate the greatest common factor of 3624 and 72.
24
What is the greatest common divisor of 924 and 5698?
154
Calculate the greatest common divisor of 35 and 95.
5
What is the greatest common divisor of 885 and 105?
15
What is the greatest common factor of 1086 and 1991?
181
Calculate the greatest common divisor of 3006 and 18.
18
What is the greatest common divisor of 24 and 54?
6
What is the highest common divisor of 69 and 4071?
69
What is the highest common factor of 46 and 253?
23
Calculate the greatest common factor of 14 and 126.
14
What is the highest common factor of 312 and 39?
39
Calculate the greatest common factor of 3228 and 12.
12
Calculate the highest common factor of 4 and 64.
4
What is the highest common divisor of 2512 and 4?
4
What is the highest common factor of 1277 and 1?
1
Calculate the highest common factor of 243 and 3.
3
What is the highest common divisor of 88 and 2376?
88
What is the greatest common divisor of 272 and 64?
16
What is the greatest common divisor of 80 and 130?
10
Calculate the highest common factor of 299 and 117.
13
Calculate the highest common factor of 1011 and 3.
3
What is the greatest common divisor of 4424 and 504?
56
Calculate the highest common divisor of 17 and 187.
17
Calculate the greatest common divisor of 20 and 580.
20
What is the greatest common divisor of 93 and 3?
3
Calculate the greatest common divisor of 5 and 4865.
5
Calculate the greatest common factor of 2156 and 132.
44
What is the highest common divisor of 1869 and 273?
21
What is the highest common divisor of 407 and 74?
37
What is the highest common divisor of 84 and 154?
14
Calculate the highest common divisor of 271 and 19.
1
What is the highest common factor of 585 and 9009?
117
Calculate the highest common factor of 16 and 536.
8
What is the highest common factor of 72 and 1179?
9
What is the greatest common divisor of 54 and 594?
54
Calculate the highest common factor of 928 and 16.
16
What is the greatest common factor of 46 and 713?
23
Calculate the highest common divisor of 8 and 1352.
8
What is the highest common factor of 20 and 9680?
20
Calculate the greatest common divisor of 5262 and 18.
6
What is the highest common divisor of 56 and 910?
14
What is the highest common factor of 4148 and 102?
34
What is the greatest common divisor of 1804 and 132?
44
What is the greatest common factor of 24750 and 396?
198
Calculate the greatest common divisor of 144 and 99.
9
Calculate the greatest common factor of 29 and 73.
1
Calculate the greatest common divisor of 72 and 468.
36
What is the highest common divisor of 24805 and 820?
205
What is the highest common factor of 20 and 26420?
20
What is the greatest common divisor of 14 and 8855?
7
What is the greatest common factor of 44 and 99?
11
Calculate the greatest common divisor of 96 and 64.
32
What is the highest common divisor of 25 and 9?
1
Calculate the greatest common factor of 20 and 85.
5
What is the highest common divisor of 650 and 130?
130
Calculate the highest common factor of 528 and 7216.
176
What is the greatest common divisor of 962 and 247?
13
What is the greatest common divisor of 235 and 10?
5
What is the highest common divisor of 160 and 1055?
5
What is the greatest common factor of 6 and 606?
6
Calculate the highest common factor of 60 and 1920.
60
What is the greatest common factor of 1 and 79?
1
Calculate the highest common factor of 18 and 6.
6
Calculate the highest common divisor of 51704 and 23.
23
What is the greatest common factor of 368 and 69?
23
Calculate the highest common factor of 20 and 5.
5
Calculate the highest common factor of 2054 and 78.
26
Calculate the highest common divisor of 209 and 323.
19
Calculate the highest common divisor of 2064 and 3354.
258
What is the highest common factor of 38 and 513?
19
Calculate the greatest common factor of 164 and 27.
1
Calculate the greatest common divisor of 8 and 52.
4
What is the highest common factor of 18 and 28926?
18
What is the greatest common factor of 200 and 25?
25
Calculate the greatest common factor of 12 and 132.
12
Calculate the highest common divisor of 861 and 21.
21
Calculate the highest common divisor of 180 and 366.
6
What is the greatest common divisor of 209 and 399?
19
Calculate the greatest common divisor of 1638 and 108.
18
Calculate the highest common divisor of 4028 and 266.
38
Calculate the highest common factor of 16 and 12.
4
What is the greatest common divisor of 1550 and 100?
50
What is the greatest common factor of 8175 and 75?
75
Calculate the highest common divisor of 657 and 584.
73
Calculate the greatest common divisor of 452 and 16159.
113
What is the highest common factor of 18 and 87?
3
What is the highest common divisor of 11 and 99?
11
Calculate the greatest common divisor of 20 and 140.
20
Calculate the greatest common factor of 120 and 15.
15
What is the highest common factor of 532 and 5054?
266
What is the highest common divisor of 2402 and 2?
2
What is the highest common factor of 2034 and 18?
18
Calculate the highest common divisor of 136 and 1564.
68
Calculate the highest common divisor of 29016 and 93.
93
Calculate the greatest common factor of 2717 and 143.
143
What is the greatest common divisor of 8 and 30?
2
What is the highest common factor of 5945 and 435?
145
What is the highest common divisor of 63 and 651?
21
Calculate the highest common factor of 66 and 242.
22
What is the highest common divisor of 4522 and 28?
14
What is the highest common divisor of 260 and 3445?
65
What is the highest common factor of 140 and 640?
20
What is the greatest common factor of 1617 and 196?
49
Calculate the greatest common factor of 148 and 5254.
74
Calculate the highest common factor of 117 and 36.
9
Calculate the highest common divisor of 378 and 14.
14
Calculate the greatest common factor of 1248 and 192.
96
Calculate the highest common factor of 65 and 494.
13
Calculate the highest common factor of 1600 and